9 - ((-14 - -7) + 1 - -2)?
25
Calculate 15 + -71 - (-15 + -46).
5
What is the value of 55 - (-19 - (-189 - -42))?
-73
What is ((13 - 19 - 5) + 16 - -2) + -5?
2
52 - (-16 + -3 + 54)
17
What is the value of 31 + 15 + (61 - 147)?
-40
Evaluate (3 - -38) + (-13 - (4 + -26 + 16)).
34
What is (35 - 19 - (44 + 36)) + 35?
-29
Calculate 9 + -3 + 8 + -43 + 18 + -19.
-30
Calculate -116 + 62 - -67 - (1 + (2 - -43)).
-33
Calculate 0 + -14 + -5 + (11 - (16 - 38)).
14
What is (164 - 146) + 4 + 13 + (2 - 4)?
33
Evaluate 0 + 21 - (-10 - (7 + -24)) - (9 - -117).
-112
Evaluate -27 - (115 + -120 + -6 + (1 - 3)).
-14
Calculate -4 + -2 + (-64 - -58) + (1 - -37).
26
Evaluate -125 + 16 + -30 + 9 - -28.
-102
Evaluate (-7 - (-30 - -40)) + -21.
-38
Calculate -1 + 2 + -51 + 54.
4
Evaluate -2 + -21 + 0 - (37 + -21 - 55).
16
(1019 - 1027) + -1 + -3 + 46
34
Calculate -8 + -3 + (-5 - -15) + 9 + 7.
15
Evaluate -50 + (86 - 47) - (112 + (-1 - (4 - -1))).
-117
What is the value of 55 + -91 + 4 + 2 + 5 - -11?
-14
What is the value of 103 + (-72 - -26) - 155?
-98
What is the value of 162 + 53 + (-65 - 75)?
75
Evaluate -33 + (53 - (-2 + 24 + 14)).
-16
What is (-52 - 7) + (14 - (9 - (10 - 9)))?
-53
What is 0 + 3 + 5 + (-50 - -1 - -39)?
-2
Calculate (-20 - (26 + -12)) + 28 - (-44 - -1).
37
What is 6 + 5 - (1 - 0 - -24 - 9)?
-5
-9 + (9 + 46 + 6 - (-13 - (-4 - -3)))
64
What is (1 - -18) + (-2777 - -2742) + 28?
12
-1 + -10 - 2 - (-331 + 510 - (54 + -1))
-139
Evaluate (-51 - -22) + (46 - 12) + 76.
81
What is the value of 18 + -6 + -193 + 185 + -1 + -68 + -14?
-79
Evaluate -85 - (28 - (23 + -44 - -42 - 16)).
-108
Evaluate (-39 - (-3 + 6)) + (6 - -5 - 16) - -2.
-45
Evaluate -4 - (-2 + (5 - 5) + 6).
-8
What is 14 + -42 + 29 + (1 - -25) + -20 + 25?
32
What is (-24 + -26 + 9 - (-3 - 2)) + 4 - 6?
-38
91 + -89 + -13 + (-8 - -9)
-10
Calculate (48 - -5) + 12 + -15 + -13.
37
Calculate -5 + (0 - -1) + 31 + 26 + 31 + -61.
23
3501 + -3427 - (1 + 34)
39
Evaluate 95 - (-94 - -181 - 1).
9
What is (-47 - -40 - -4) + -33?
-36
What is (-153 + 77 - -55) + 115?
94
66 - -4 - (-7 + 6 + 5 + 34 + -30)
62
(13 - -54) + -16 + -20 - (5 - -14 - 8)
20
What is the value of 4 + -2 + 27 + (-51 - 28)?
-50
What is -35 - (-17 - -19) - -73?
36
Calculate (5693 + -5675 - (32 + -3 - -2)) + (0 - 86).
-99
What is -23 - (56 - (61 + -27))?
-45
What is the value of (-2086 - -2126) + -3 + 2?
39
Evaluate -1 - ((-13 + -12 + 7 - -11) + -1 + -20).
27
(-12 - -19 - (-67 + 56)) + 16
34
-3 + (88 - 3) + -175 + 168 + (-1 - -2)
76
(-9 - 88 - -111) + 2 + -1 + 9
24
Calculate 58 - (59 - (101 - 115)).
-15
What is the value of -2 + 23 + -4 - 0 - -20?
37
9 - (-8 + -13 + 6 + -1 + (0 - -3))
22
What is the value of 0 + 6 + 7 + -6 + -143 + 134?
-2
Calculate -77 + (-34 - -15 - -21).
-75
-1 + 34 - (116 - 103 - (-1 + 0))
19
(-59 - (-46 - -1)) + -40
-54
Calculate -81 - (-73 - -61 - 45).
-24
What is -5 + (-15 - (2 - 19)) + 7 + 99?
103
What is the value of (21 - (3 - (4 + 84 + -21))) + 3 + -1?
87
What is the value of 66 - (-4 - 7) - (-5 + -25 - -11)?
96
Evaluate 97 + -21 + 51 + -95.
32
What is 0 - -41 - (-50 + 0 + (-2602 - -2637))?
56
What is the value of (1 - (5 + -2)) + 1 - ((-6 - -39) + 12)?
-46
What is the value of (-1 - -2 - 0) + (12 - 92) + 27?
-52
What is the value of (-1 - (-40 - -1)) + (46 - 69) + -2 + 1?
14
Calculate -2 + -1 + -115 + 115 - (-7 - -60).
-56
-6 - 17 - (9 + (7 - 33) - -7)
-13
What is the value of -7 - (-3 - (-4 + -12 + 19))?
-1
What is the value of 70 + -46 + -23 + 125 + -24?
102
What is 12 - (4 - -3 - (23 + -2)) - (2 + 8)?
16
What is the value of -29 + (65 + -10 - 76)?
-50
-77 + (136 - -68) + -87
40
What is the value of ((-8 - -10) + 31 - 16 - 14) + 121?
124
Calculate -11 - (-37 - (-16 - 38)).
-28
What is the value of (64 + -50 - 37) + 55?
32
Evaluate (3 - -64) + 1 + -3 - (-19 - (-14 + 1)).
71
Evaluate -9 + (-3 - (9 - -41)).
-62
Evaluate (3 - (-14 + 12)) + (3 - 4 - 2 - 56).
-54
Evaluate (-75 - 2) + (-1076 - -1142).
-11
7 - -23 - (-25 - -37) - -108
126
(-59 - (-139 + 58)) + (-1 - -17)
38
What is the value of 2344 + -2402 + (51 - 2)?
-9
What is 8 + -10 + 1 + 16 - (240 - 233)?
8
Calculate -207 + 81 - -43 - -118.
35
What is 44 + (-2 + 8 - 0 - (-84 - -95))?
39
Calculate 114 + (38 - 149) + (1 - 12).
-8
What is (18 + -9 + 2 - -29) + -42?
-2
Evaluate -7 - (-18 - (-77 + 53)).
-13
What is the value of 15 + (19 - (0 + -4 - -7)) + -14?
17
Calculate 75 + -62 - -52 - 9.
56
What is the value of 144 + 22 + 90 + -210?
46
What is the value of -68 + (-10 + -49 + 66 - (2 - 8))?
-55
What is the value of -82 - -25 - (15 - 0 - 3)?
-69
What is (-69 - -88 - -50) + -150?
-81
Evaluate -6 - (23 + -33 - (11 - (21 + -6))).
0
Calculate 131 + 28 + -22 + -4 + 8.
141
What is the value of 8 - 6 - 5 - -4 - ((30 - 14) + -8)?
-7
What is the value of -1 + -2 + 24 - (2083 - 2079)?
17
(2 - 56) + -3378 + 3402
-30
What is the value of 44 - (-114 - -97 - -67)?
-6
What is the value of -57 - 1 - (5 + (66 - 72 - (-1 + 9)))?
-49
What is 1 - -31 - ((-7 - (9 + -16) - -11) + -18)?
39
What is 69 + 57 + -95 + 69?
100
Evaluate 23 + 2 - (-107 - 74 - -163).
43
Evaluate -1 + 77 - -1 - ((51 - 57) + 3).
80
Evaluate -171 + 216 + (-5 - -6) + 11 + -1 + -5.
51
What is the value of 4 + -12 + 7 - (-1 + -3 - -91) - -4?
-84
Evaluate -1 + -33 + 416 + -382 + (2 - 18).
-16
What is the value of (663 - 668) + -31 + (-13 - -6)?
-43
What is -73 + (1 - -15 - (308 + -316))?
-49
(-26 - (-21 - -7)) + 10 + 19
17
Evaluate -5 + 54 - (-597 - -769).
-123
What is 39 - (-19 + 50 + -10)?
18
What is the value of (-12 + 15 - (-1 + 2)) + -23 + 1?
-20
Evaluate 72322 - 72337 - (1 + 0 - (2 - -85)).
71
What is (-14 - (6 + -44)) + -34 + -8 + 4?
-14
What is the value of (-1215 - -1237 - (2 - 2)) + -105?
-83
What is the value of 49 + 10 + (12 - 2) + -23?
46
Calculate -3 - -5 - (17 + -5 + -13 - -14).
-11
What is the value of -34 - (-38 + 2 - (-190 - -260))?
72
What is -9 + (-1 - -6 - (-20 + 21 + 6 - -4))?
-15
Calculate -14 + (6 - (-1 - (-18 - -18))).
-7
What is -109 - (-24 + 9 + 11 - (-4 - 2))?
-111
What is -6 + (-1 - 4) + (11 - -6) - (-11 + -63)?
80
What is -92 + 31 + 3 + -59 + 27?
-90
What is -24 - -14 - (-18 - (-8 + -16 + 12))?
-4
22 + (8 + 7 - 86)
-49
What is 17 - (1 + (10 - -20) + -3)?
-11
Evaluate -4 + -33 + 9 + (-4 + 5 - 0).
-27
What is the value of -5 - (-60 + -12 + 24 - 8 - (-7 - -5))?
49
9 - -4 - (-6 + (85 - (15 + -17)))
-68
What is the value of -6 + (2 + 23 - -5) - (-2932 + 2860)?
96
Calculate -12 + (8 - (3 - -3)) + -1 + (9 - 136).
-138
Calculate (-33 - -113) + (-6 - (11 + -2 + -6 - 0)).
71
What is the value of 3 + (20 - 11) - ((43 - (11 + 0)) + -3)?
-17
0 - 6 - 1 - ((35 + 11 - 20) + -83)
50
Evaluate 2 + -8 - ((-17 - -31) + -20).
0
What is the value of -10 + -18 + -2 + (6 - -13)?
-11
12 + 20 + (16 - 15)
33
2 + 40 + (2 + 1 - (46 - 12 - 41))
52
-6 + (6 + -11 - -19) + -4 + -3 + -26
-25
Calculate 883 + -877 - (45 - 0).
-39
What is the value of 0 + (-1 - -9) - ((-22 - -85) + -179 + 170)?
-46
What is the value of 26 - 18 - (-26 + -58 + 16)?
76
What is the value of (10 - 21) + (0 + 8 - -4) + 7?
8
What is -6 - (-22 + -28 - 3) - 25?
22
-12 + (7 - -13 - -7) + -7 + (0 - -7)
15
(-12 - -17) + -11 + 8 + 9 + -79
-68
Evaluate (10 - (19 - -9)) + 8 - (-7 - (-4 - -3)).
-4
Calculate -31 + 16 + -49 + (-6 - (-4 - 11)).
-55
Evaluate -16 + (16 - -1 - (3 + 0 + 7)) + -7.
-16
What is 55 - (5 + -16 - -25) - -17?
58
What is the value of 15 - (-9 + 39 + -23 + 27)?
-19
0 - -19 - (-31 + 80 + -40)
10
What is the value of 2 + -5 + 5 - ((25 - 56) + 54)?
-21
-76 - (31 + 56 + -103)
-60
What is -56 + -3 + 1 + (-58 - -53) - (-250 + 257)?
-70
Calculate 77 - ((-20 + 10 - -2) + 6 - (3 + -15)).
67
Calculate 132 + -27 + -12 - 49.
44
Evaluate -62 - ((-7 - (-1 + 0 - 10)) + -10) - -3.
-53
Evaluate -61 - 10 - -63 - (-8 - (0 - 4) - 12).
8
Evaluate (-40 - -19) + -21 + 30.
-12
Calculate 22 + (-26 - -5) + -2 + 13 + -3.
9
What is the value of 3 - (-11 + 7) - (75 + (12 - (5 - -6)))?
-69
What is 16 + 6 + -10 + 5 + -4 - 2?
11
What is the value of (11 - 1 - 1) + 22 + -12 + (-31 - -13)?
1
Evaluate (-219 - -312) + -2 + -1 - (-1 + -11).
102
What is the value of (0 - (76 - -2)) + 112 + -49 + 5 + -66?
-76
Calculate -29 + -6 + -51 + 55 - 9.
-40
What is the value of 51 + -71 + 83 - 7?
56
Calculate 137 + -131 + 43 - 64.
-15
What is the value of 2 + -150 + (14869 - 14612)?
109
Calc